697. Calculate the remainder when 142 is divided by t.
34
Let p = -8 - -22. Suppose 53*q - 51*q = -42. Calculate the remainder when (-4)/((-20)/q)*-5 is divided by p.
7
Let a(p) = 128*p + 847. Calculate the remainder when a(22) is divided by 282.
279
Let l = -6261 - -6674. What is the remainder when l is divided by 41?
3
Calculate the remainder when 1123 is divided by -4 + (-72)/(-9) + 5.
7
Suppose -4433 = -23*o + 1662. Calculate the remainder when o is divided by 42.
13
Let w = 59 - 32. What is the remainder when ((-1)/(-5) - 1)/(9/45) - -300 is divided by w?
26
Let d = -50 + 17. Let r = 25 + d. Calculate the remainder when 52 is divided by (168/96)/((-1)/r).
10
Let q(n) = -41*n - 2146. What is the remainder when 280 is divided by q(-59)?
7
Calculate the remainder when 440 is divided by (13 - -18)*(4/4 + 1).
6
Let k = -856436 + 856851. Let c(b) = -33*b - 1. What is the remainder when k is divided by c(-1)?
31
Let p(b) = b**2 - 21*b + 82. Let f be p(16). Suppose -5*l - 3 = f, 0 = 2*g - 4*l - 82. What is the remainder when 88 is divided by g?
10
Let t(w) = 5*w**2 - 65*w - 7. Let s(i) = -2*i**2 + 32*i + 4. Let g(m) = 7*s(m) + 3*t(m). What is the remainder when 142 is divided by g(-30)?
31
Let v = 6470 + -5331. Calculate the remainder when v is divided by 83.
60
Suppose 0 = -49*s - 31*s + 38720. What is the remainder when s is divided by 89?
39
Let y(l) = 3*l**2 - 8*l + 73. Calculate the remainder when 208 is divided by y(0).
62
Suppose 17*s - 541 = 287 - 46. What is the remainder when 136 is divided by s?
44
Let v = 167 + -70. Suppose v*f - 92*f - 25 = 0. Suppose 0 = -12*z + 11*z + f. What is the remainder when 62 is divided by z?
2
Let k = -1936 - -2150. What is the remainder when 12623 is divided by k?
211
Suppose 1216 = 36*x + 28. What is the remainder when 4882 is divided by x?
31
Let s be (-8)/48 + (-5565)/(-18). Suppose 301*z - s*z = -32. What is the remainder when z is divided by 1?
0
Let q(p) = 5*p**3 + 9*p**2 + 25*p + 10. Let b(t) = -2*t**3 - 4*t**2 - 12*t - 6. Let x(i) = -9*b(i) - 4*q(i). What is the remainder when x(-4) is divided by 28?
26
Suppose -20 + 2 = -2*l. Let j(r) = -5*r - 14. Let s be j(l). Let i = s + 75. Calculate the remainder when 31 is divided by i.
15
Let z = -11070 - -11210. Calculate the remainder when 5459 is divided by z.
139
Let m = 1590 - 1583. Let r(k) = 4*k - 4. Let g(x) = x**3 - 8*x**2 + 8*x - 3. Let t be g(7). What is the remainder when r(t) is divided by m?
5
Let t = -169 + 176. Suppose -t*x + 123 + 31 = 0. Calculate the remainder when 107 is divided by x.
19
Let t(y) = 3*y**3 - 42*y**2 + 3*y - 10. Suppose 0 = -5*f + 371 + 139. What is the remainder when f is divided by t(14)?
6
Let x be -88 + (1 - (2 - -1)). Let t = -39 - x. Suppose 3*u - t = -f, f - 51 = -2*u + u. What is the remainder when f is divided by 9?
6
Suppose 211 = 4*o - 345. Let t = -26 + o. What is the remainder when t is divided by 13?
9
Let t(r) = -r**3 + 4*r**2 + 19*r + 8. Let m(u) = 38*u - 146. Let z be m(4). What is the remainder when t(z) is divided by 34?
16
Suppose -259*w = -260*w + 14. Calculate the remainder when 1/((-2)/(-2))*(-3 + 170) is divided by w.
13
Suppose 69 + 103 = 4*w. Suppose 0 = 5*b - 5*z - 425, b = 2*b + 2*z - 100. Suppose -4*r - b = -14*r. What is the remainder when w is divided by r?
7
Suppose -3*x - 3*j + 1260 = 0, 0*j - 3*j = -15. Let u(f) = 97*f + 7230. What is the remainder when x is divided by u(-74)?
51
Let z(b) = 28*b + 903. Calculate the remainder when z(-9) is divided by 52.
27
Suppose 2*o - 127 = -5*j + 7, 0 = 5*o - 35. What is the remainder when 763 is divided by j?
19
Let l be (-65)/2 + ((-1)/1)/(-2). Let m = -22 - l. Suppose -7*i - 150 = -m*i. What is the remainder when i is divided by 26?
24
Suppose 3*w + 19 = r, -3*r - 2*w + 6 = -7. Suppose -6*q - r = -19. Suppose 7*z - 185 = q*z. Calculate the remainder when z is divided by 8.
5
Let k(f) = -3*f**3 - 62*f**2 + 5*f - 49. Calculate the remainder when k(-21) is divided by 6.
5
Let z(u) = u**2 - 7*u + 83. Let j be z(6). Suppose 98*p - j*p = 1743. Calculate the remainder when p is divided by 70.
13
Suppose -82 = -7*q - 152. What is the remainder when 609 is divided by 52/16*(q + 14)?
11
Let v = 479 + -465. Let b = -33 - -41. Calculate the remainder when v is divided by b.
6
Suppose -13959 = -946*u + 460*u + 453*u. Calculate the remainder when u is divided by 411.
12
Let m = 153 + -61. Suppose -3*w + 5 = -4*a - 103, 5*w - m = 3*a. What is the remainder when 19 is divided by (40/6)/((-16)/a)?
9
Suppose -s - 7 = a - 17, 3*a - 5*s + 2 = 0. Let z(o) = o**2 + 9*o - 49. Suppose 3*g - 23 + 5 = 0. Calculate the remainder when z(a) is divided by g.
5
Let r = 4731 - 4569. Calculate the remainder when 480 is divided by r.
156
Suppose -20*k + 60*k = 0. Suppose k = 582*s - 580*s - 36. Let x = 54 + 15. What is the remainder when x is divided by s?
15
Suppose 2286 = -5*d - 3*q, 2*q - 276 = d + 189. Let k = 471 + d. What is the remainder when 34 is divided by k?
10
Suppose 0*f + 175 = 5*f. Suppose 2*v = 5*v - 6. Suppose -4*q + 47 = j, -3*q = q + v*j - 46. What is the remainder when f is divided by q?
11
Let g(l) = -l**3 + 28*l**2 + 3*l + 129. Let c be g(28). Suppose -3*t + 447 = -c. What is the remainder when t is divided by 17?
16
Suppose 15*k - 9*k + 4*x = 1438, 0 = -5*k - x + 1189. What is the remainder when k is divided by 113?
11
Suppose -28*w + 11912 = -1584. Let h = 578 - w. What is the remainder when h is divided by 11?
8
Let y = 20 + -35. Let s = -10 - y. What is the remainder when (168/18)/(-7)*-6 is divided by s?
3
Let n(k) = k**3 + 9*k**2 - 4*k - 18. Let i be n(-9). Let b(j) = -j + 19. Let z be b(i). Calculate the remainder when 102/4 + 3*z/(-2) is divided by 13.
11
Suppose -9*g = 12*g + 15*g - 10080. Calculate the remainder when g is divided by 52.
20
Let x(z) = 55*z - 588. Calculate the remainder when 31 is divided by x(11).
14
Let d(a) = 21*a**2 - 15*a - 14. Calculate the remainder when d(-6) is divided by 1 - (-38 + -3) - (-41 - -34).
48
Suppose 5*y - 249 = -3*n, -162*y - 5*n = -165*y + 129. Calculate the remainder when ((-237 - -2) + -2)*-1 is divided by y.
45
Suppose 27*u = 22*u - z + 1155, 5*u - 4*z - 1155 = 0. What is the remainder when 234 is divided by u?
3
Let o(u) = -u**3 + 10*u**2 + 3*u + 16. Suppose -3*f - f = -44. Let b be o(f). What is the remainder when 20 is divided by -3 - (b/28)/(4/28)?
5
Let v be 3 + (7 - (-314)/1). Let u = -206 + v. Calculate the remainder when u is divided by 39.
1
What is the remainder when 9 + 1 + 335 + (-9)/(-3) is divided by 35?
33
Let u = 304477 - 304457. Let h(b) = b + 355. What is the remainder when h(0) is divided by u?
15
Suppose 0 = 18*v - 83 - 151. Suppose v*b + 12 = 116. What is the remainder when 9 is divided by b?
1
Suppose 0*i = -2*i + a + 160, 4*i - 304 = -2*a. Let l(n) = n**3 + 5*n**2 + 20. Calculate the remainder when i is divided by l(0).
18
Suppose -3*j - s = -3599, 26*j + 3579 = 29*j - 3*s. What is the remainder when j is divided by 399?
1
Suppose 0*z = -4*z - 3*r + 2449, 4*r - 2444 = -4*z. Suppose z - 96 = 10*d. Let v(c) = c**2 - 3*c + 1. Calculate the remainder when d is divided by v(5).
8
Suppose 57*x = 55*x, -3*x = -3*l + 402. What is the remainder when l is divided by 6?
2
Suppose 5*r + 938 = 4*o + 7*r, 21 = -3*r. Calculate the remainder when 715 is divided by o.
1
Let c = 2192 - 2162. Let u(x) = -11*x + 477. What is the remainder when u(0) is divided by c?
27
Let r(v) = v**3 + 30*v**2 + 53*v - 96. Let u be r(-28). Let s(f) = -36*f. Let n be s(-1). Let p = n - u. Calculate the remainder when 143 is divided by p.
47
Let s be (6/4 + 0)*-2. Let c = 89 - 6. Calculate the remainder when c is divided by s/(-9) - 124/(-6).
20
Suppose 4*t + 4*h + 18264 = 62024, -5*h = -5*t + 54700. Calculate the remainder when t is divided by 3642.
14
Let h(r) = 2*r**3 - 58*r**2 + 80*r - 410. What is the remainder when h(28) is divided by 92?
78
Suppose -4*y + 3 = -13. Suppose 5*n - 89 = y*i - 0*i, 0 = 2*n - i - 38. Calculate the remainder when n is divided by 8 + -1 + -4 + -2 + 12.
8
Let y be (10/12)/(12/72). Suppose 2*r - 3*r - 2*s = 2, 5*s = 4*r - y. What is the remainder when 2 - (66 + r)*-1 is divided by 24?
20
Suppose -5*a + 45 = 5*y, -4*y + 2*y + 4*a = 6. Suppose -y*f + 231 = -329. Calculate the remainder when 